greatest common divisor of 407921 and 67877.
659
Calculate the highest common divisor of 84955 and 2192320.
65
Calculate the highest common divisor of 166752 and 165015.
1737
What is the greatest common factor of 15347 and 605331?
103
Calculate the highest common divisor of 589528917 and 4852.
1213
What is the highest common divisor of 132314195 and 57?
19
What is the highest common divisor of 1184525 and 295?
5
Calculate the highest common factor of 50 and 2080160.
10
What is the highest common factor of 561 and 2968438?
187
What is the greatest common factor of 5959314 and 6390?
1278
Calculate the greatest common factor of 385 and 29522955.
385
What is the greatest common factor of 265 and 123585?
5
Calculate the greatest common divisor of 10441723 and 153.
17
What is the greatest common factor of 103506 and 3211?
13
Calculate the highest common divisor of 21848510 and 362.
362
What is the greatest common factor of 10527748 and 847?
77
What is the greatest common divisor of 57219693 and 9270?
309
Calculate the highest common factor of 28975156 and 56.
28
Calculate the highest common factor of 96 and 5755164288.
96
What is the highest common factor of 508 and 147180?
4
Calculate the highest common divisor of 55760416 and 32.
32
Calculate the highest common divisor of 1490 and 485358560.
1490
What is the greatest common divisor of 31309 and 10277?
239
What is the greatest common divisor of 16 and 43815952?
16
What is the highest common factor of 92 and 195299716?
92
Calculate the highest common divisor of 2257 and 704611.
61
What is the highest common factor of 2490966 and 756?
54
What is the greatest common divisor of 46795 and 25740115?
955
Calculate the greatest common factor of 46 and 960158.
46
What is the highest common factor of 44786 and 488533?
457
What is the greatest common factor of 2143770 and 12?
6
Calculate the highest common factor of 78 and 1501149.
39
What is the greatest common factor of 3455 and 667851500?
3455
What is the greatest common factor of 156 and 86949516?
12
What is the greatest common factor of 73 and 99017273?
73
Calculate the highest common divisor of 234 and 28646766.
18
What is the highest common factor of 50815424 and 207176?
4408
What is the greatest common factor of 346 and 27712178?
346
What is the highest common factor of 2162 and 14880482?
94
Calculate the highest common factor of 1003 and 81608092.
1003
Calculate the greatest common divisor of 3999288 and 5964.
852
Calculate the highest common factor of 9051800 and 1000.
200
Calculate the greatest common factor of 325890 and 3513645.
2295
What is the greatest common factor of 1953 and 388703916?
279
What is the highest common divisor of 279741850 and 50?
50
Calculate the highest common factor of 4477 and 7527465.
407
What is the highest common divisor of 2701048 and 14227?
347
Calculate the highest common divisor of 33174448 and 16.
16
Calculate the highest common divisor of 10153 and 2006602.
923
Calculate the greatest common divisor of 344 and 1377161.
43
What is the greatest common divisor of 99 and 5688243?
99
Calculate the greatest common divisor of 39803 and 22843.
53
Calculate the greatest common factor of 30515397 and 2904.
33
What is the highest common divisor of 223386 and 1543285?
1201
Calculate the greatest common divisor of 35 and 289066260.
35
Calculate the greatest common divisor of 519309644 and 6076.
6076
What is the highest common factor of 807830658 and 402?
402
What is the highest common divisor of 81 and 11366919?
27
What is the highest common divisor of 4247490 and 13260?
390
What is the greatest common factor of 1241 and 128061?
17
Calculate the greatest common factor of 207 and 46414023.
69
Calculate the greatest common factor of 27693244 and 1876.
268
Calculate the highest common factor of 19175796 and 480.
12
Calculate the greatest common factor of 50920 and 60040.
760
Calculate the greatest common divisor of 337821 and 345303.
87
Calculate the greatest common divisor of 181428 and 1308.
12
Calculate the highest common factor of 1287 and 2630277.
117
What is the greatest common factor of 99541 and 132742?
31
What is the greatest common factor of 1018615 and 130?
65
What is the highest common divisor of 13460152 and 9168?
1528
Calculate the greatest common divisor of 10964 and 19847581.
2741
Calculate the greatest common factor of 382745 and 3520.
55
Calculate the highest common factor of 31997 and 47285.
49
What is the highest common factor of 12952076 and 76?
4
What is the greatest common divisor of 1387 and 5260226?
19
Calculate the highest common divisor of 54 and 129737628.
18
Calculate the greatest common divisor of 168192 and 14967.
9
What is the greatest common factor of 307 and 1803932?
307
What is the greatest common divisor of 1646821692 and 108?
108
Calculate the highest common divisor of 218503012 and 364.
364
What is the greatest common factor of 768446 and 31178?
1834
Calculate the highest common divisor of 540 and 1208385.
135
What is the greatest common divisor of 1056 and 1105798584?
264
Calculate the greatest common factor of 288 and 192078.
18
What is the greatest common divisor of 75693972 and 12?
12
Calculate the highest common divisor of 60 and 317353680.
60
Calculate the greatest common divisor of 4649216 and 2704.
208
Calculate the greatest common factor of 29470726 and 1630.
326
Calculate the greatest common factor of 69905280 and 80.
80
Calculate the highest common factor of 429 and 31830513.
429
Calculate the greatest common divisor of 7428660 and 408.
204
Calculate the greatest common divisor of 1165665 and 705.
15
Calculate the greatest common factor of 121914469 and 53.
53
What is the highest common factor of 1866097 and 22135?
233
What is the greatest common factor of 1393 and 4037173?
7
What is the greatest common divisor of 996 and 72411524?
332
Calculate the greatest common factor of 786202 and 3127.
53
What is the highest common factor of 7 and 31721977?
7
Calculate the highest common factor of 90277 and 86449.
319
What is the highest common factor of 136829 and 3857?
7
What is the highest common divisor of 19522 and 1904984?
454
Calculate the greatest common factor of 4797540 and 116820.
1980
What is the greatest common divisor of 4952105 and 242265?
2605
What is the greatest common divisor of 3939 and 9265033?
101
What is the highest common factor of 806 and 15562?
62
Calculate the highest common divisor of 37317245 and 308.
7
Calculate the greatest common factor of 1088288 and 12307424.
2272
Calculate the highest common factor of 2345 and 906570.
35
Calculate the greatest common divisor of 195638756 and 464.
116
Calculate the greatest common factor of 26968493 and 347.
347
What is the greatest common factor of 3009 and 47578308?
3009
Calculate the highest common factor of 19673091 and 36.
9
What is the highest common factor of 1212214 and 706466?
118
Calculate the greatest common factor of 1089617806 and 2570.
514
Calculate the greatest common divisor of 254777891 and 71.
71
Calculate the highest common divisor of 2658909 and 10047.
591
Calculate the greatest common divisor of 66231 and 5928901.
2453
Calculate the highest common divisor of 1074 and 341790.
6
Calculate the greatest common divisor of 428293268 and 260.
52
Calculate the greatest common divisor of 3017211 and 1836.
51
What is the highest common factor of 28347 and 4017543?
2577
What is the greatest common divisor of 11361 and 153144657?
1623
What is the highest common divisor of 296042 and 214?
2
What is the greatest common factor of 40707 and 12650831?
4523
Calculate the greatest common divisor of 31 and 2558114389.
31
Calculate the highest common factor of 64 and 46100192.
32
Calculate the greatest common factor of 437058 and 111.
3
Calculate the highest common factor of 104448 and 51595.
17
Calculate the highest common factor of 38 and 34447.
19
What is the greatest common factor of 67 and 33701?
67
Calculate the greatest common divisor of 932 and 100170428.
932
Calculate the greatest common divisor of 432 and 118719424.
16
Calculate the greatest common factor of 94296 and 6148885.
3929
Calculate the highest common divisor of 36000 and 12572640.
1440
Calculate the highest common factor of 280980901 and 1759.
1759
What